{"id":21791,"date":"2022-08-02T15:47:29","date_gmt":"2022-08-02T15:47:29","guid":{"rendered":"https:\/\/lkdeco.com.ar\/?post_type=product&#038;p=21791"},"modified":"2025-04-04T16:18:46","modified_gmt":"2025-04-04T16:18:46","slug":"repuesto-de-jabon-liquido-verbena-x12","status":"publish","type":"product","link":"https:\/\/lkdeco.com.ar\/index.php\/producto\/repuesto-de-jabon-liquido-verbena-x12\/","title":{"rendered":"Repuesto de jab\u00f3n l\u00edquido Verbena (x12)"},"content":{"rendered":"<p>Fragancia con notas medias florales de rosa y geranio y notas altas cr\u00edticas de lim\u00f3n verde y verbena.<\/p>\n","protected":false},"excerpt":{"rendered":"<div id=\"product-description-short-4490\" class=\"product-description-short mb-3 truncate_block st_showless_block_0 truncate_cate_desc_0\">\n<div class=\"st_read_more_box\">Repuesto de jab\u00f3n l\u00edquido para manos Nativa con fragancia.<\/div>\n<div class=\"st_read_more_box\">Dimensi\u00f3n: 350 cm3.<\/div>\n<div class=\"st_read_more_box\">Aroma: Verbena.<\/div>\n<\/div>\n","protected":false},"featured_media":21794,"comment_status":"open","ping_status":"closed","template":"","meta":[],"product_brand":[],"product_cat":[114,115],"product_tag":[],"class_list":{"0":"post-21791","1":"product","2":"type-product","3":"status-publish","4":"has-post-thumbnail","6":"product_cat-cuidado-personal","7":"product_cat-jabones","9":"first","10":"instock","11":"shipping-taxable","12":"product-type-simple"},"_links":{"self":[{"href":"https:\/\/lkdeco.com.ar\/index.php\/wp-json\/wp\/v2\/product\/21791","targetHints":{"allow":["GET"]}}],"collection":[{"href":"https:\/\/lkdeco.com.ar\/index.php\/wp-json\/wp\/v2\/product"}],"about":[{"href":"https:\/\/lkdeco.com.ar\/index.php\/wp-json\/wp\/v2\/types\/product"}],"replies":[{"embeddable":true,"href":"https:\/\/lkdeco.com.ar\/index.php\/wp-json\/wp\/v2\/comments?post=21791"}],"version-history":[{"count":0,"href":"https:\/\/lkdeco.com.ar\/index.php\/wp-json\/wp\/v2\/product\/21791\/revisions"}],"wp:featuredmedia":[{"embeddable":true,"href":"https:\/\/lkdeco.com.ar\/index.php\/wp-json\/wp\/v2\/media\/21794"}],"wp:attachment":[{"href":"https:\/\/lkdeco.com.ar\/index.php\/wp-json\/wp\/v2\/media?parent=21791"}],"wp:term":[{"taxonomy":"product_brand","embeddable":true,"href":"https:\/\/lkdeco.com.ar\/index.php\/wp-json\/wp\/v2\/product_brand?post=21791"},{"taxonomy":"product_cat","embeddable":true,"href":"https:\/\/lkdeco.com.ar\/index.php\/wp-json\/wp\/v2\/product_cat?post=21791"},{"taxonomy":"product_tag","embeddable":true,"href":"https:\/\/lkdeco.com.ar\/index.php\/wp-json\/wp\/v2\/product_tag?post=21791"}],"curies":[{"name":"wp","href":"https:\/\/api.w.org\/{rel}","templated":true}]}}