{"id":21044,"date":"2023-11-07T18:39:32","date_gmt":"2023-11-07T18:39:32","guid":{"rendered":"https:\/\/lkdeco.com.ar\/?post_type=product&#038;p=21044"},"modified":"2024-02-27T16:18:26","modified_gmt":"2024-02-27T16:18:26","slug":"12-paquetes-de-8-platos-de-navidad-rojos","status":"publish","type":"product","link":"https:\/\/lkdeco.com.ar\/index.php\/producto\/12-paquetes-de-8-platos-de-navidad-rojos\/","title":{"rendered":"12 Paquetes de 8 Platos de Navidad Rojos"},"content":{"rendered":"<dl class=\"data-sheet flex_container\">\n<dt class=\"name\"><strong>Ancho (En Cm)<\/strong><\/dt>\n<dd class=\"value flex_child\">18<\/dd>\n<\/dl>\n<dl class=\"data-sheet flex_container\">\n<dt class=\"name\"><strong>Alto (En Cm)<\/strong><\/dt>\n<dd class=\"value flex_child\">18<\/dd>\n<\/dl>\n<dl class=\"data-sheet flex_container\">\n<dt class=\"name\"><strong>Profundidad (En Cm)<\/strong><\/dt>\n<dd class=\"value flex_child\">1<\/dd>\n<\/dl>\n<dl class=\"data-sheet flex_container\">\n<dt class=\"name\"><strong>Peso (En Gr)<\/strong><\/dt>\n<dd class=\"value flex_child\">10<\/dd>\n<\/dl>\n","protected":false},"excerpt":{"rendered":"<p>Set de 12 paquetes de 8 platos de 18 cm de di\u00e1metro de polipapel con motivos navide\u00f1os de la colecci\u00f3n Navidad Cl\u00e1sica de Gl\u00fcck, para decorar la mesa en Navidad.<\/p>\n<p>Contiene 6 paquetes de platos de tiras rojas y blancas y 6 paquetes de platos con estrellas.<\/p>\n","protected":false},"featured_media":20993,"comment_status":"open","ping_status":"closed","template":"","meta":[],"product_brand":[],"product_cat":[321,348,353,347],"product_tag":[],"class_list":{"0":"post-21044","1":"product","2":"type-product","3":"status-publish","4":"has-post-thumbnail","6":"product_cat-alparamis","7":"product_cat-gluck-navidad","8":"product_cat-mesa-de-navidad","9":"product_cat-navidad-alparamis","11":"first","12":"instock","13":"featured","14":"shipping-taxable","15":"product-type-simple"},"_links":{"self":[{"href":"https:\/\/lkdeco.com.ar\/index.php\/wp-json\/wp\/v2\/product\/21044","targetHints":{"allow":["GET"]}}],"collection":[{"href":"https:\/\/lkdeco.com.ar\/index.php\/wp-json\/wp\/v2\/product"}],"about":[{"href":"https:\/\/lkdeco.com.ar\/index.php\/wp-json\/wp\/v2\/types\/product"}],"replies":[{"embeddable":true,"href":"https:\/\/lkdeco.com.ar\/index.php\/wp-json\/wp\/v2\/comments?post=21044"}],"version-history":[{"count":0,"href":"https:\/\/lkdeco.com.ar\/index.php\/wp-json\/wp\/v2\/product\/21044\/revisions"}],"wp:featuredmedia":[{"embeddable":true,"href":"https:\/\/lkdeco.com.ar\/index.php\/wp-json\/wp\/v2\/media\/20993"}],"wp:attachment":[{"href":"https:\/\/lkdeco.com.ar\/index.php\/wp-json\/wp\/v2\/media?parent=21044"}],"wp:term":[{"taxonomy":"product_brand","embeddable":true,"href":"https:\/\/lkdeco.com.ar\/index.php\/wp-json\/wp\/v2\/product_brand?post=21044"},{"taxonomy":"product_cat","embeddable":true,"href":"https:\/\/lkdeco.com.ar\/index.php\/wp-json\/wp\/v2\/product_cat?post=21044"},{"taxonomy":"product_tag","embeddable":true,"href":"https:\/\/lkdeco.com.ar\/index.php\/wp-json\/wp\/v2\/product_tag?post=21044"}],"curies":[{"name":"wp","href":"https:\/\/api.w.org\/{rel}","templated":true}]}}