{"id":20540,"date":"2023-09-27T19:42:20","date_gmt":"2023-09-27T19:42:20","guid":{"rendered":"https:\/\/lkdeco.com.ar\/?post_type=product&#038;p=20540"},"modified":"2024-07-05T23:25:21","modified_gmt":"2024-07-05T23:25:21","slug":"kit-2","status":"publish","type":"product","link":"https:\/\/lkdeco.com.ar\/index.php\/producto\/kit-2\/","title":{"rendered":"Kit 2"},"content":{"rendered":"<p>Detalle de Cierre con Vivos cosido a m\u00e1quina.<\/p>\n","protected":false},"excerpt":{"rendered":"<p>Kit de belleza grande.<\/p>\n<p>CONTIENE: 1 Portacosm\u00e9ticos Mediano Cristal, 1 Antifaz, 1 Esponja corporal, y 1 Cepillo de U\u00f1as \u00f3 Facial.<\/p>\n<p>Material:\u00a0 PVC libre de Ftalatos.<\/p>\n<p>Medida: 17&#215;23.5x 5 cm. de profundidad.<\/p>\n<p>&nbsp;<\/p>\n","protected":false},"featured_media":20548,"comment_status":"open","ping_status":"closed","template":"","meta":[],"product_brand":[],"product_cat":[222,229],"product_tag":[],"class_list":{"0":"post-20540","1":"product","2":"type-product","3":"status-publish","4":"has-post-thumbnail","6":"product_cat-necessaire-comba","7":"product_cat-viaje","9":"first","10":"instock","11":"shipping-taxable","12":"product-type-variable"},"_links":{"self":[{"href":"https:\/\/lkdeco.com.ar\/index.php\/wp-json\/wp\/v2\/product\/20540","targetHints":{"allow":["GET"]}}],"collection":[{"href":"https:\/\/lkdeco.com.ar\/index.php\/wp-json\/wp\/v2\/product"}],"about":[{"href":"https:\/\/lkdeco.com.ar\/index.php\/wp-json\/wp\/v2\/types\/product"}],"replies":[{"embeddable":true,"href":"https:\/\/lkdeco.com.ar\/index.php\/wp-json\/wp\/v2\/comments?post=20540"}],"version-history":[{"count":0,"href":"https:\/\/lkdeco.com.ar\/index.php\/wp-json\/wp\/v2\/product\/20540\/revisions"}],"wp:featuredmedia":[{"embeddable":true,"href":"https:\/\/lkdeco.com.ar\/index.php\/wp-json\/wp\/v2\/media\/20548"}],"wp:attachment":[{"href":"https:\/\/lkdeco.com.ar\/index.php\/wp-json\/wp\/v2\/media?parent=20540"}],"wp:term":[{"taxonomy":"product_brand","embeddable":true,"href":"https:\/\/lkdeco.com.ar\/index.php\/wp-json\/wp\/v2\/product_brand?post=20540"},{"taxonomy":"product_cat","embeddable":true,"href":"https:\/\/lkdeco.com.ar\/index.php\/wp-json\/wp\/v2\/product_cat?post=20540"},{"taxonomy":"product_tag","embeddable":true,"href":"https:\/\/lkdeco.com.ar\/index.php\/wp-json\/wp\/v2\/product_tag?post=20540"}],"curies":[{"name":"wp","href":"https:\/\/api.w.org\/{rel}","templated":true}]}}