{"id":13424,"date":"2022-08-10T14:24:57","date_gmt":"2022-08-10T14:24:57","guid":{"rendered":"https:\/\/lkdeco.com.ar\/?post_type=product&#038;p=13424"},"modified":"2026-03-06T15:39:45","modified_gmt":"2026-03-06T15:39:45","slug":"visera-goma-eva-bebe-rosa","status":"publish","type":"product","link":"https:\/\/lkdeco.com.ar\/index.php\/producto\/visera-goma-eva-bebe-rosa\/","title":{"rendered":"Visera goma eva bebe Rosa"},"content":{"rendered":"","protected":false},"excerpt":{"rendered":"<p>Protector para ducha, material suave e impermeable, secado r\u00e1pido, Cuando caiga agua sobre la cabeza del bebe, esta caer\u00e1 por los costados hacia abajo, lejos de los ojos y los o\u00eddos. Evita que el shampoo entre en los ojos. Evita el contando del agua con los o\u00eddos. tiene 4 opciones para regular el tama\u00f1o. puede colgarse en el ba\u00f1o<\/p>\n","protected":false},"featured_media":13426,"comment_status":"open","ping_status":"closed","template":"","meta":[],"product_brand":[],"product_cat":[89,101],"product_tag":[],"class_list":{"0":"post-13424","1":"product","2":"type-product","3":"status-publish","4":"has-post-thumbnail","6":"product_cat-bunguis","7":"product_cat-linea-infantil","9":"first","10":"instock","11":"shipping-taxable","12":"product-type-simple"},"_links":{"self":[{"href":"https:\/\/lkdeco.com.ar\/index.php\/wp-json\/wp\/v2\/product\/13424","targetHints":{"allow":["GET"]}}],"collection":[{"href":"https:\/\/lkdeco.com.ar\/index.php\/wp-json\/wp\/v2\/product"}],"about":[{"href":"https:\/\/lkdeco.com.ar\/index.php\/wp-json\/wp\/v2\/types\/product"}],"replies":[{"embeddable":true,"href":"https:\/\/lkdeco.com.ar\/index.php\/wp-json\/wp\/v2\/comments?post=13424"}],"version-history":[{"count":0,"href":"https:\/\/lkdeco.com.ar\/index.php\/wp-json\/wp\/v2\/product\/13424\/revisions"}],"wp:featuredmedia":[{"embeddable":true,"href":"https:\/\/lkdeco.com.ar\/index.php\/wp-json\/wp\/v2\/media\/13426"}],"wp:attachment":[{"href":"https:\/\/lkdeco.com.ar\/index.php\/wp-json\/wp\/v2\/media?parent=13424"}],"wp:term":[{"taxonomy":"product_brand","embeddable":true,"href":"https:\/\/lkdeco.com.ar\/index.php\/wp-json\/wp\/v2\/product_brand?post=13424"},{"taxonomy":"product_cat","embeddable":true,"href":"https:\/\/lkdeco.com.ar\/index.php\/wp-json\/wp\/v2\/product_cat?post=13424"},{"taxonomy":"product_tag","embeddable":true,"href":"https:\/\/lkdeco.com.ar\/index.php\/wp-json\/wp\/v2\/product_tag?post=13424"}],"curies":[{"name":"wp","href":"https:\/\/api.w.org\/{rel}","templated":true}]}}