{"id":14262,"date":"2022-08-18T19:58:08","date_gmt":"2022-08-18T19:58:08","guid":{"rendered":"https:\/\/lkdeco.com.ar\/?page_id=14262"},"modified":"2026-03-31T15:55:13","modified_gmt":"2026-03-31T15:55:13","slug":"catalogos-comba","status":"publish","type":"page","link":"https:\/\/lkdeco.com.ar\/index.php\/catalogos-comba\/","title":{"rendered":"Cat\u00e1logos Comba"},"content":{"rendered":"\t\t<div data-elementor-type=\"wp-page\" data-elementor-id=\"14262\" class=\"elementor elementor-14262\" data-elementor-post-type=\"page\">\n\t\t\t\t\t\t<section class=\"elementor-section elementor-top-section elementor-element elementor-element-cee77e9 elementor-section-boxed elementor-section-height-default elementor-section-height-default\" data-id=\"cee77e9\" data-element_type=\"section\" data-e-type=\"section\">\n\t\t\t\t\t\t<div class=\"elementor-container elementor-column-gap-default\">\n\t\t\t\t\t<div class=\"elementor-column elementor-col-100 elementor-top-column elementor-element elementor-element-67a0d02\" data-id=\"67a0d02\" data-element_type=\"column\" data-e-type=\"column\">\n\t\t\t<div class=\"elementor-widget-wrap elementor-element-populated\">\n\t\t\t\t\t\t<div class=\"elementor-element elementor-element-1e5c125 elementor-align-center elementor-widget elementor-widget-razzi-button\" data-id=\"1e5c125\" data-element_type=\"widget\" data-e-type=\"widget\" data-widget_type=\"razzi-button.default\">\n\t\t\t\t<div class=\"elementor-widget-container\">\n\t\t\t\t\t        <a href=\"https:\/\/lkdeco.com.ar\/wp-content\/uploads\/2022\/08\/Catalogo-cortinas2022.pdf\" target=\"_blank\" class=\"razzi-button-link razzi-button\">\n\t\t\t\t\t\t\t\t\t<span class=\"razzi-button-text\">Cat\u00e1logo Cortinas 2022<\/span>        <\/a>\n\t\t\t\t\t\t<\/div>\n\t\t\t\t<\/div>\n\t\t\t\t\t<\/div>\n\t\t<\/div>\n\t\t\t\t\t<\/div>\n\t\t<\/section>\n\t\t\t\t<section class=\"elementor-section elementor-top-section elementor-element elementor-element-b96be92 elementor-section-boxed elementor-section-height-default elementor-section-height-default\" data-id=\"b96be92\" data-element_type=\"section\" data-e-type=\"section\">\n\t\t\t\t\t\t<div class=\"elementor-container elementor-column-gap-default\">\n\t\t\t\t\t<div class=\"elementor-column elementor-col-100 elementor-top-column elementor-element elementor-element-f18070f\" data-id=\"f18070f\" data-element_type=\"column\" data-e-type=\"column\">\n\t\t\t<div class=\"elementor-widget-wrap elementor-element-populated\">\n\t\t\t\t\t\t<div class=\"elementor-element elementor-element-a7d99eb elementor-align-center elementor-widget elementor-widget-razzi-button\" data-id=\"a7d99eb\" data-element_type=\"widget\" data-e-type=\"widget\" data-widget_type=\"razzi-button.default\">\n\t\t\t\t<div class=\"elementor-widget-container\">\n\t\t\t\t\t        <a href=\"https:\/\/lkdeco.com.ar\/wp-content\/uploads\/2022\/08\/Catalogo-cortinas-Comba.pdf\" target=\"_blank\" class=\"razzi-button-link razzi-button\">\n\t\t\t\t\t\t\t\t\t<span class=\"razzi-button-text\">Cat\u00e1logo Cortinas Comba<\/span>        <\/a>\n\t\t\t\t\t\t<\/div>\n\t\t\t\t<\/div>\n\t\t\t\t\t<\/div>\n\t\t<\/div>\n\t\t\t\t\t<\/div>\n\t\t<\/section>\n\t\t\t\t<section class=\"elementor-section elementor-top-section elementor-element elementor-element-2cdf61c elementor-section-boxed elementor-section-height-default elementor-section-height-default\" data-id=\"2cdf61c\" data-element_type=\"section\" data-e-type=\"section\">\n\t\t\t\t\t\t<div class=\"elementor-container elementor-column-gap-default\">\n\t\t\t\t\t<div class=\"elementor-column elementor-col-100 elementor-top-column elementor-element elementor-element-8509034\" data-id=\"8509034\" data-element_type=\"column\" data-e-type=\"column\">\n\t\t\t<div class=\"elementor-widget-wrap elementor-element-populated\">\n\t\t\t\t\t\t<div class=\"elementor-element elementor-element-8bfef05 elementor-align-center elementor-widget elementor-widget-razzi-button\" data-id=\"8bfef05\" data-element_type=\"widget\" data-e-type=\"widget\" data-widget_type=\"razzi-button.default\">\n\t\t\t\t<div class=\"elementor-widget-container\">\n\t\t\t\t\t        <a href=\"https:\/\/lkdeco.com.ar\/wp-content\/uploads\/2022\/08\/Catagolo-Prana-1.pdf\" target=\"_blank\" class=\"razzi-button-link razzi-button\">\n\t\t\t\t\t\t\t\t\t<span class=\"razzi-button-text\">Cat\u00e1logo Ropa de estar en casa<\/span>        <\/a>\n\t\t\t\t\t\t<\/div>\n\t\t\t\t<\/div>\n\t\t\t\t\t<\/div>\n\t\t<\/div>\n\t\t\t\t\t<\/div>\n\t\t<\/section>\n\t\t\t\t<section class=\"elementor-section elementor-top-section elementor-element elementor-element-f1918f5 elementor-section-boxed elementor-section-height-default elementor-section-height-default\" data-id=\"f1918f5\" data-element_type=\"section\" data-e-type=\"section\">\n\t\t\t\t\t\t<div class=\"elementor-container elementor-column-gap-default\">\n\t\t\t\t\t<div class=\"elementor-column elementor-col-100 elementor-top-column elementor-element elementor-element-e4cdb41\" data-id=\"e4cdb41\" data-element_type=\"column\" data-e-type=\"column\">\n\t\t\t<div class=\"elementor-widget-wrap elementor-element-populated\">\n\t\t\t\t\t\t<div class=\"elementor-element elementor-element-979357e elementor-widget elementor-widget-image\" data-id=\"979357e\" data-element_type=\"widget\" data-e-type=\"widget\" data-widget_type=\"image.default\">\n\t\t\t\t<div class=\"elementor-widget-container\">\n\t\t\t\t\t\t\t\t\t\t\t\t\t\t\t<img fetchpriority=\"high\" decoding=\"async\" width=\"640\" height=\"338\" src=\"https:\/\/lkdeco.com.ar\/wp-content\/uploads\/2022\/08\/logo-Comba-1024x540.png\" class=\"attachment-large size-large wp-image-14217\" alt=\"\" srcset=\"https:\/\/lkdeco.com.ar\/wp-content\/uploads\/2022\/08\/logo-Comba-1024x540.png 1024w, https:\/\/lkdeco.com.ar\/wp-content\/uploads\/2022\/08\/logo-Comba-300x158.png 300w, https:\/\/lkdeco.com.ar\/wp-content\/uploads\/2022\/08\/logo-Comba-768x405.png 768w, https:\/\/lkdeco.com.ar\/wp-content\/uploads\/2022\/08\/logo-Comba-670x353.png 670w, https:\/\/lkdeco.com.ar\/wp-content\/uploads\/2022\/08\/logo-Comba.png 1236w\" sizes=\"(max-width: 640px) 100vw, 640px\" \/>\t\t\t\t\t\t\t\t\t\t\t\t\t\t\t<\/div>\n\t\t\t\t<\/div>\n\t\t\t\t\t<\/div>\n\t\t<\/div>\n\t\t\t\t\t<\/div>\n\t\t<\/section>\n\t\t\t\t<section class=\"elementor-section elementor-top-section elementor-element elementor-element-57ed03c elementor-section-boxed elementor-section-height-default elementor-section-height-default\" data-id=\"57ed03c\" data-element_type=\"section\" data-e-type=\"section\">\n\t\t\t\t\t\t<div class=\"elementor-container elementor-column-gap-default\">\n\t\t\t\t\t<div class=\"elementor-column elementor-col-100 elementor-top-column elementor-element elementor-element-d561bce\" data-id=\"d561bce\" data-element_type=\"column\" data-e-type=\"column\">\n\t\t\t<div class=\"elementor-widget-wrap elementor-element-populated\">\n\t\t\t\t\t\t<div class=\"elementor-element elementor-element-bbdb7bc elementor-widget elementor-widget-image-gallery\" data-id=\"bbdb7bc\" data-element_type=\"widget\" data-e-type=\"widget\" data-widget_type=\"image-gallery.default\">\n\t\t\t\t<div class=\"elementor-widget-container\">\n\t\t\t\t\t\t\t<div class=\"elementor-image-gallery\">\n\t\t\t<div id='gallery-1' class='gallery galleryid-14262 gallery-columns-4 gallery-size-razzi-blog-grid'><figure class='gallery-item'>\n\t\t\t<div class='gallery-icon landscape'>\n\t\t\t\t<img decoding=\"async\" width=\"600\" height=\"398\" src=\"https:\/\/lkdeco.com.ar\/wp-content\/uploads\/2022\/08\/01-SEL-DARK-GREY-Selva-600x398.jpg\" class=\"attachment-razzi-blog-grid size-razzi-blog-grid\" alt=\"\" \/>\n\t\t\t<\/div><\/figure><figure class='gallery-item'>\n\t\t\t<div class='gallery-icon portrait'>\n\t\t\t\t<img decoding=\"async\" width=\"600\" height=\"398\" src=\"https:\/\/lkdeco.com.ar\/wp-content\/uploads\/2022\/08\/01-TRI-MULTICOLOR-Triangulitos-600x398.jpg\" class=\"attachment-razzi-blog-grid size-razzi-blog-grid\" alt=\"\" \/>\n\t\t\t<\/div><\/figure><figure class='gallery-item'>\n\t\t\t<div class='gallery-icon landscape'>\n\t\t\t\t<img loading=\"lazy\" decoding=\"async\" width=\"600\" height=\"398\" src=\"https:\/\/lkdeco.com.ar\/wp-content\/uploads\/2022\/08\/01-SEL-BROWN-Selva-1-600x398.jpg\" class=\"attachment-razzi-blog-grid size-razzi-blog-grid\" alt=\"\" \/>\n\t\t\t<\/div><\/figure><figure class='gallery-item'>\n\t\t\t<div class='gallery-icon landscape'>\n\t\t\t\t<img loading=\"lazy\" decoding=\"async\" width=\"600\" height=\"398\" src=\"https:\/\/lkdeco.com.ar\/wp-content\/uploads\/2022\/08\/01-DEG-FUCSIA-Degrade-Fucsia-600x398.jpg\" class=\"attachment-razzi-blog-grid size-razzi-blog-grid\" alt=\"\" \/>\n\t\t\t<\/div><\/figure><figure class='gallery-item'>\n\t\t\t<div class='gallery-icon landscape'>\n\t\t\t\t<img loading=\"lazy\" decoding=\"async\" width=\"600\" height=\"398\" src=\"https:\/\/lkdeco.com.ar\/wp-content\/uploads\/2022\/08\/01-HOU-House-600x398.jpg\" class=\"attachment-razzi-blog-grid size-razzi-blog-grid\" alt=\"\" \/>\n\t\t\t<\/div><\/figure><figure class='gallery-item'>\n\t\t\t<div class='gallery-icon landscape'>\n\t\t\t\t<img loading=\"lazy\" decoding=\"async\" width=\"600\" height=\"398\" src=\"https:\/\/lkdeco.com.ar\/wp-content\/uploads\/2022\/08\/01-BRI-GREY-Brick-600x398.jpg\" class=\"attachment-razzi-blog-grid size-razzi-blog-grid\" alt=\"\" \/>\n\t\t\t<\/div><\/figure><figure class='gallery-item'>\n\t\t\t<div class='gallery-icon landscape'>\n\t\t\t\t<img loading=\"lazy\" decoding=\"async\" width=\"600\" height=\"398\" src=\"https:\/\/lkdeco.com.ar\/wp-content\/uploads\/2022\/08\/01-SPR-AMARILLA-Spring-600x398.jpg\" class=\"attachment-razzi-blog-grid size-razzi-blog-grid\" alt=\"\" \/>\n\t\t\t<\/div><\/figure><figure class='gallery-item'>\n\t\t\t<div class='gallery-icon landscape'>\n\t\t\t\t<img loading=\"lazy\" decoding=\"async\" width=\"600\" height=\"398\" src=\"https:\/\/lkdeco.com.ar\/wp-content\/uploads\/2022\/08\/01-MAY-NAVY-Mayolica-600x398.jpg\" class=\"attachment-razzi-blog-grid size-razzi-blog-grid\" alt=\"\" \/>\n\t\t\t<\/div><\/figure>\n\t\t<\/div>\n\t\t<\/div>\n\t\t\t\t\t\t<\/div>\n\t\t\t\t<\/div>\n\t\t\t\t\t<\/div>\n\t\t<\/div>\n\t\t\t\t\t<\/div>\n\t\t<\/section>\n\t\t\t\t<\/div>\n\t\t","protected":false},"excerpt":{"rendered":"<p>Cat\u00e1logo Cortinas 2022 Cat\u00e1logo Cortinas Comba Cat\u00e1logo Ropa de estar en casa<\/p>\n","protected":false},"author":1,"featured_media":0,"parent":0,"menu_order":0,"comment_status":"closed","ping_status":"closed","template":"","meta":{"footnotes":""},"class_list":["post-14262","page","type-page","status-publish","hentry"],"_links":{"self":[{"href":"https:\/\/lkdeco.com.ar\/index.php\/wp-json\/wp\/v2\/pages\/14262","targetHints":{"allow":["GET"]}}],"collection":[{"href":"https:\/\/lkdeco.com.ar\/index.php\/wp-json\/wp\/v2\/pages"}],"about":[{"href":"https:\/\/lkdeco.com.ar\/index.php\/wp-json\/wp\/v2\/types\/page"}],"author":[{"embeddable":true,"href":"https:\/\/lkdeco.com.ar\/index.php\/wp-json\/wp\/v2\/users\/1"}],"replies":[{"embeddable":true,"href":"https:\/\/lkdeco.com.ar\/index.php\/wp-json\/wp\/v2\/comments?post=14262"}],"version-history":[{"count":1,"href":"https:\/\/lkdeco.com.ar\/index.php\/wp-json\/wp\/v2\/pages\/14262\/revisions"}],"predecessor-version":[{"id":30734,"href":"https:\/\/lkdeco.com.ar\/index.php\/wp-json\/wp\/v2\/pages\/14262\/revisions\/30734"}],"wp:attachment":[{"href":"https:\/\/lkdeco.com.ar\/index.php\/wp-json\/wp\/v2\/media?parent=14262"}],"curies":[{"name":"wp","href":"https:\/\/api.w.org\/{rel}","templated":true}]}}